{"version":"1.0","provider_name":"SOHO Aquitaine","provider_url":"https:\/\/soho-aquitaine.com\/en","title":"Complexe commercial des 3 Vall\u00e9es - Creysse (24) - SOHO Aquitaine","type":"rich","width":600,"height":338,"html":"<blockquote class=\"wp-embedded-content\" data-secret=\"B5NywrRFzr\"><a href=\"https:\/\/soho-aquitaine.com\/en\/complexe-commercial-des-3-vallees\/\">Complexe commercial des 3 Vall\u00e9es &#8211; Creysse (24)<\/a><\/blockquote><iframe sandbox=\"allow-scripts\" security=\"restricted\" src=\"https:\/\/soho-aquitaine.com\/en\/complexe-commercial-des-3-vallees\/embed\/#?secret=B5NywrRFzr\" width=\"600\" height=\"338\" title=\"&#8220;Complexe commercial des 3 Vall\u00e9es &#8211; Creysse (24)&#8221; &#8212; SOHO Aquitaine\" data-secret=\"B5NywrRFzr\" frameborder=\"0\" marginwidth=\"0\" marginheight=\"0\" scrolling=\"no\" class=\"wp-embedded-content\"><\/iframe><script>\n\/*! This file is auto-generated *\/\n!function(d,l){\"use strict\";l.querySelector&&d.addEventListener&&\"undefined\"!=typeof URL&&(d.wp=d.wp||{},d.wp.receiveEmbedMessage||(d.wp.receiveEmbedMessage=function(e){var t=e.data;if((t||t.secret||t.message||t.value)&&!\/[^a-zA-Z0-9]\/.test(t.secret)){for(var s,r,n,a=l.querySelectorAll('iframe[data-secret=\"'+t.secret+'\"]'),o=l.querySelectorAll('blockquote[data-secret=\"'+t.secret+'\"]'),c=new RegExp(\"^https?:$\",\"i\"),i=0;i<o.length;i++)o[i].style.display=\"none\";for(i=0;i<a.length;i++)s=a[i],e.source===s.contentWindow&&(s.removeAttribute(\"style\"),\"height\"===t.message?(1e3<(r=parseInt(t.value,10))?r=1e3:~~r<200&&(r=200),s.height=r):\"link\"===t.message&&(r=new URL(s.getAttribute(\"src\")),n=new URL(t.value),c.test(n.protocol))&&n.host===r.host&&l.activeElement===s&&(d.top.location.href=t.value))}},d.addEventListener(\"message\",d.wp.receiveEmbedMessage,!1),l.addEventListener(\"DOMContentLoaded\",function(){for(var e,t,s=l.querySelectorAll(\"iframe.wp-embedded-content\"),r=0;r<s.length;r++)(t=(e=s[r]).getAttribute(\"data-secret\"))||(t=Math.random().toString(36).substring(2,12),e.src+=\"#?secret=\"+t,e.setAttribute(\"data-secret\",t)),e.contentWindow.postMessage({message:\"ready\",secret:t},\"*\")},!1)))}(window,document);\n\/\/# sourceURL=https:\/\/soho-aquitaine.com\/wp-includes\/js\/wp-embed.min.js\n<\/script>","thumbnail_url":"https:\/\/soho-aquitaine.com\/wp-content\/uploads\/2025\/10\/creysse2-3V-scaled.webp","thumbnail_width":2560,"thumbnail_height":1304,"description":"R\u00e9alisation d\u2019un p\u00f4le commercial \u00e0 l\u2019\u00e9chelle de la communaut\u00e9 de communes du Bergeracois. Des espaces et des offres mis en coh\u00e9rence avec la collectivit\u00e9 en mati\u00e8re d\u2019am\u00e9nagement, de d\u00e9veloppement durable et de Haute Qualit\u00e9 Environnementale recherch\u00e9e. L\u2019ensemble se d\u00e9ploie sur un terrain de plus de 130 000 m1. \u00c0 ce jour, le complexe s\u2019articule autour [&hellip;]"}

Complexe commercial des 3 Vallées - Creysse (24) - SOHO Aquitaine

<blockquote class="wp-embedded-content" data-secret="B5NywrRFzr"><a href="https://soho-aquitaine.com/en/complexe-commercial-des-3-vallees/">Complexe commercial des 3 Vallées &#8211; Creysse (24)</a></blockquote><iframe sandbox="allow-scripts" security="restricted" src="https://soho-aquitaine.com/en/complexe-commercial-des-3-vallees/embed/#?secret=B5NywrRFzr" width="600" height="338" title="&#8220;Complexe commercial des 3 Vallées &#8211; Creysse (24)&#8221; &#8212; SOHO Aquitaine" data-secret="B5NywrRFzr" frameborder="0" marginwidth="0" marginheight="0" scrolling="no" class="wp-embedded-content"></iframe><script>
/*! This file is auto-generated */
!function(d,l){"use strict";l.querySelector&&d.addEventListener&&"undefined"!=typeof URL&&(d.wp=d.wp||{},d.wp.receiveEmbedMessage||(d.wp.receiveEmbedMessage=function(e){var t=e.data;if((t||t.secret||t.message||t.value)&&!/[^a-zA-Z0-9]/.test(t.secret)){for(var s,r,n,a=l.querySelectorAll('iframe[data-secret="'+t.secret+'"]'),o=l.querySelectorAll('blockquote[data-secret="'+t.secret+'"]'),c=new RegExp("^https?:$","i"),i=0;i<o.length;i++)o[i].style.display="none";for(i=0;i<a.length;i++)s=a[i],e.source===s.contentWindow&&(s.removeAttribute("style"),"height"===t.message?(1e3<(r=parseInt(t.value,10))?r=1e3:~~r<200&&(r=200),s.height=r):"link"===t.message&&(r=new URL(s.getAttribute("src")),n=new URL(t.value),c.test(n.protocol))&&n.host===r.host&&l.activeElement===s&&(d.top.location.href=t.value))}},d.addEventListener("message",d.wp.receiveEmbedMessage,!1),l.addEventListener("DOMContentLoaded",function(){for(var e,t,s=l.querySelectorAll("iframe.wp-embedded-content"),r=0;r<s.length;r++)(t=(e=s[r]).getAttribute("data-secret"))||(t=Math.random().toString(36).substring(2,12),e.src+="#?secret="+t,e.setAttribute("data-secret",t)),e.contentWindow.postMessage({message:"ready",secret:t},"*")},!1)))}(window,document);
//# sourceURL=https://soho-aquitaine.com/wp-includes/js/wp-embed.min.js
</script>

Réalisation d’un pôle commercial à l’échelle de la communauté de communes du Bergeracois. Des espaces et des offres mis en cohérence avec la collectivité en matière d’aménagement, de développement durable et de Haute Qualité Environnementale recherchée. L’ensemble se déploie sur un terrain de plus de 130 000 m1. À ce jour, le complexe s’articule autour [&hellip;]
